{"id":14650,"date":"2026-02-26T04:38:58","date_gmt":"2026-02-26T03:38:58","guid":{"rendered":"https:\/\/rowermax.shop\/ro64\/produkt\/rower-elektryczny-eleglide-t1-step-thru-17-cali-bialy-250-w-100-km\/"},"modified":"2026-02-26T04:38:59","modified_gmt":"2026-02-26T03:38:59","slug":"rower-elektryczny-eleglide-t1-step-thru-17-cali-bialy-250-w-100-km","status":"publish","type":"product","link":"https:\/\/torvaniq.shop\/ro64\/produkt\/rower-elektryczny-eleglide-t1-step-thru-17-cali-bialy-250-w-100-km\/","title":{"rendered":"Rower elektryczny Eleglide T1 STEP-THRU 17 cali bia\u0142y 250 W 100 km"},"content":{"rendered":"<div style=\"font-family: Arial, sans-serif; line-height: 1.6; color: #333; padding: 20px; clear: both; display: block; width: 100%; float: none; position: static; overflow: hidden;\">\n<div style=\"clear: both; display: block; margin: 10px 0;\">\n<div style=\"clear: both; display: block; margin: 10px 0;\">\n<div style=\"clear: both; display: block; margin: 10px 0;\">\n<div  style=\"max-width:1000px;max-height:1000px\">\n<div style=\"clear: both; display: block; margin: 10px 0;\">\n<div style=\"clear: both; width: 100%; display: block; margin: 20px 0; padding: 0; float: none; position: static; text-align: center;\"><img decoding=\"async\"  src=\"https:\/\/a.allegroimg.com\/original\/11c472\/b73e911b4fab9c9c738c7108e5e1\/Rower-elektryczny-Eleglide-T1-STEP-THRU-17-cali-bialy-250-W-100-km-Stopien-zlozenia-wstepnie-zlozony-wyregulowany\" srcset=\"https:\/\/a.allegroimg.com\/original\/11c472\/b73e911b4fab9c9c738c7108e5e1\/Rower-elektryczny-Eleglide-T1-STEP-THRU-17-cali-bialy-250-W-100-km-Stopien-zlozenia-wstepnie-zlozony-wyregulowany 360w,https:\/\/a.allegroimg.com\/original\/11c472\/b73e911b4fab9c9c738c7108e5e1\/Rower-elektryczny-Eleglide-T1-STEP-THRU-17-cali-bialy-250-W-100-km-Stopien-zlozenia-wstepnie-zlozony-wyregulowany 720w,https:\/\/a.allegroimg.com\/original\/11c472\/b73e911b4fab9c9c738c7108e5e1\/Rower-elektryczny-Eleglide-T1-STEP-THRU-17-cali-bialy-250-W-100-km-Stopien-zlozenia-wstepnie-zlozony-wyregulowany 1000w,https:\/\/a.allegroimg.com\/original\/11c472\/b73e911b4fab9c9c738c7108e5e1\/Rower-elektryczny-Eleglide-T1-STEP-THRU-17-cali-bialy-250-W-100-km-Stopien-zlozenia-wstepnie-zlozony-wyregulowany 1000w\" sizes=\"(min-width: 1200px) 560px, (min-width: 992px) 50vw, 100vw\" width=\"1000px\" alt=\"Rower elektryczny Eleglide T1 STEP-THRU 17 cali bia\u0142y 250 W 100 km Stopie\u0144 z\u0142o\u017cenia wst\u0119pnie z\u0142o\u017cony, wyregulowany\" style=\"max-width: 100%; height: auto; display: block; margin: 0 auto;\"><\/div>\n<\/div>\n<\/div>\n<\/div>\n<\/div>\n<div style=\"clear: both; display: block; margin: 10px 0;\">\n<div style=\"clear: both; display: block; margin: 10px 0;\">\n<h3 style=\"color: #2c5aa0; font-size: 18px; margin: 30px 0 15px 0; font-weight: bold; clear: both; display: block; width: 100%; float: none; position: static;\">Mocny silnik i du\u017ca bateria<\/h3>\n<p style=\"margin: 15px 0; line-height: 1.8; clear: both; display: block; width: 100%; float: none; position: static;\">Eleglide T1 Step-Thru posiada mocny silnik bezszczotkowy 250W z momentem obrotowym 50N.M, kt\u00f3ry zapewnia sta\u0142\u0105 i mocn\u0105 moc oraz umo\u017cliwia rozp\u0119dzenie roweru do 25km\/h. Dzi\u0119ki wymiennej baterii litowo-jonowej 450Wh, rower mo\u017ce przejecha\u0107 do 100 km w trybie wspomagania, co jest idealnym rozwi\u0105zaniem na d\u0142u\u017csze przeja\u017cd\u017cki.<\/p>\n<h3 style=\"color: #2c5aa0; font-size: 18px; margin: 30px 0 15px 0; font-weight: bold; clear: both; display: block; width: 100%; float: none; position: static;\">Opony CST 27,5&#8243;<\/h3>\n<p style=\"margin: 15px 0; line-height: 1.8; clear: both; display: block; width: 100%; float: none; position: static;\">Rower Eleglide T1 Step-Thru jest wyposa\u017cony w 27,5-calowe opony pneumatyczne CST, kt\u00f3re mo\u017cna dostosowa\u0107 do r\u00f3\u017cnych rodzaj\u00f3w nawierzchni. Dzi\u0119ki du\u017cym oponom rower mo\u017ce g\u0142adko i \u0142atwo pokonywa\u0107 nier\u00f3wno\u015bci.<\/p>\n<h3 style=\"color: #2c5aa0; font-size: 18px; margin: 30px 0 15px 0; font-weight: bold; clear: both; display: block; width: 100%; float: none; position: static;\">7-biegowa przek\u0142adnia Shimano<\/h3>\n<p style=\"margin: 15px 0; line-height: 1.8; clear: both; display: block; width: 100%; float: none; position: static;\">Rower elektryczny T1 Step-Thru jest wyposa\u017cony w profesjonaln\u0105 przerzutk\u0119 Shimano z 7 biegami z ty\u0142u. Zawieszenie hydrauliczne z blokad\u0105\u3011Eleglide T1 Step-Thru jest wyposa\u017cony w mechaniczny amortyzator z blokad\u0105, co pozwala na bardziej komfortow\u0105 jazd\u0119.<\/p>\n<\/div>\n<\/div>\n<\/div>\n<div style=\"clear: both; display: block; margin: 10px 0;\">\n<div style=\"clear: both; display: block; margin: 10px 0;\">\n<div style=\"clear: both; display: block; margin: 10px 0;\">\n<h3 style=\"color: #2c5aa0; font-size: 18px; margin: 30px 0 15px 0; font-weight: bold; clear: both; display: block; width: 100%; float: none; position: static;\">Zawieszenie hydrauliczne z blokad\u0105<\/h3>\n<p style=\"margin: 15px 0; line-height: 1.8; clear: both; display: block; width: 100%; float: none; position: static;\">Eleglide T1 Step-Thru jest wyposa\u017cony w mechaniczny amortyzator z blokad\u0105, co zapewnia wi\u0119kszy komfort jazdy. Mo\u017cna go zablokowa\u0107 na p\u0142askich drogach, aby uzyska\u0107 szybk\u0105 jazd\u0119, lub odblokowa\u0107 na nier\u00f3wnych \u015bcie\u017ckach, aby uzyska\u0107 stabiln\u0105 jazd\u0119.<\/p>\n<h3 style=\"color: #2c5aa0; font-size: 18px; margin: 30px 0 15px 0; font-weight: bold; clear: both; display: block; width: 100%; float: none; position: static;\">3 tryby jazdy i 5 poziom\u00f3w pr\u0119dko\u015bci<\/h3>\n<p style=\"margin: 15px 0; line-height: 1.8; clear: both; display: block; width: 100%; float: none; position: static;\">Podczas jazdy na rowerze Eleglide T1 Step-Thru mo\u017cna wybra\u0107 tryb elektryczny, tryb wspomagania lub tryb r\u0119czny. Mo\u017cna r\u00f3wnie\u017c wybra\u0107 jeden z 5 poziom\u00f3w pr\u0119dko\u015bci trybu elektrycznego, w tym 12, 16, 20, 23 i 25 km\/h.<\/p>\n<\/div>\n<\/div>\n<\/div>\n<div style=\"clear: both; display: block; margin: 10px 0;\">\n<div style=\"clear: both; display: block; margin: 10px 0;\">\n<div style=\"clear: both; display: block; margin: 10px 0;\">\n<div  style=\"max-width:1000px;max-height:1000px\">\n<div style=\"clear: both; display: block; margin: 10px 0;\">\n<div style=\"clear: both; width: 100%; display: block; margin: 20px 0; padding: 0; float: none; position: static; text-align: center;\"><img decoding=\"async\"  src=\"https:\/\/a.allegroimg.com\/original\/11a6b8\/6698f69e44689125ac5c92f3046b\/Rower-elektryczny-Eleglide-T1-STEP-THRU-17-cali-bialy-250-W-100-km\" srcset=\"https:\/\/a.allegroimg.com\/original\/11a6b8\/6698f69e44689125ac5c92f3046b\/Rower-elektryczny-Eleglide-T1-STEP-THRU-17-cali-bialy-250-W-100-km 360w,https:\/\/a.allegroimg.com\/original\/11a6b8\/6698f69e44689125ac5c92f3046b\/Rower-elektryczny-Eleglide-T1-STEP-THRU-17-cali-bialy-250-W-100-km 720w,https:\/\/a.allegroimg.com\/original\/11a6b8\/6698f69e44689125ac5c92f3046b\/Rower-elektryczny-Eleglide-T1-STEP-THRU-17-cali-bialy-250-W-100-km 1000w,https:\/\/a.allegroimg.com\/original\/11a6b8\/6698f69e44689125ac5c92f3046b\/Rower-elektryczny-Eleglide-T1-STEP-THRU-17-cali-bialy-250-W-100-km 1000w\" sizes=\"(min-width: 1200px) 560px, (min-width: 992px) 50vw, 100vw\" width=\"1000px\" alt=\"Rower elektryczny Eleglide T1 STEP-THRU 17 cali bia\u0142y 250 W 100 km\" style=\"max-width: 100%; height: auto; display: block; margin: 0 auto;\"><\/div>\n<\/div>\n<\/div>\n<\/div>\n<\/div>\n<div style=\"clear: both; display: block; margin: 10px 0;\">\n<div style=\"clear: both; display: block; margin: 10px 0;\">\n<h3 style=\"color: #2c5aa0; font-size: 18px; margin: 30px 0 15px 0; font-weight: bold; clear: both; display: block; width: 100%; float: none; position: static;\">Podstawowe dane techniczne<\/h3>\n<ul style=\"margin: 15px 0; padding-left: 20px; clear: both; display: block; width: 100%; float: none; position: static;\">\n<li style=\"margin: 5px 0; padding: 2px 0; clear: both; display: list-item; float: none; position: static;\">Ci\u0119\u017car netto: 26KG<\/li>\n<li style=\"margin: 5px 0; padding: 2px 0; clear: both; display: list-item; float: none; position: static;\">Rozmiar po roz\u0142o\u017ceniu: 1790x680x1118mm<\/li>\n<li style=\"margin: 5px 0; padding: 2px 0; clear: both; display: list-item; float: none; position: static;\">Rozmiar ramy: 27,5&#8243; x 17&#8243;<\/li>\n<li style=\"margin: 5px 0; padding: 2px 0; clear: both; display: list-item; float: none; position: static;\">D\u0142ugo\u015b\u0107 kierownicy: 660 mm<\/li>\n<li style=\"margin: 5px 0; padding: 2px 0; clear: both; display: list-item; float: none; position: static;\">Wysoko\u015b\u0107 siode\u0142ka (od pod\u0142o\u017ca): 32&#8243;-39&#8243;.<\/li>\n<li style=\"margin: 5px 0; padding: 2px 0; clear: both; display: list-item; float: none; position: static;\">Zalecany wzrost rowerzysty: 155-195cm (5.09ft-6.39ft)<\/li>\n<li style=\"margin: 5px 0; padding: 2px 0; clear: both; display: list-item; float: none; position: static;\">Maksymalne obci\u0105\u017cenie: 120 kg<\/li>\n<li style=\"margin: 5px 0; padding: 2px 0; clear: both; display: list-item; float: none; position: static;\">Maksymalny zasi\u0119g: 50KM (tryb elektryczny), 100KM (tryb wspomagania)<\/li>\n<li style=\"margin: 5px 0; padding: 2px 0; clear: both; display: list-item; float: none; position: static;\">Poziomy pr\u0119dko\u015bci trybu wspomagania\/elektrycznego: 12\/16\/20\/23\/25 km\/h<\/li>\n<li style=\"margin: 5px 0; padding: 2px 0; clear: both; display: list-item; float: none; position: static;\">Poziom wodoodporno\u015bci: IPX4<\/li>\n<li style=\"margin: 5px 0; padding: 2px 0; clear: both; display: list-item; float: none; position: static;\">Materia\u0142: Stop aluminium<\/li>\n<li style=\"margin: 5px 0; padding: 2px 0; clear: both; display: list-item; float: none; position: static;\">Uk\u0142ad hamulcowy: Hamulce tarczowe prz\u00f3d i ty\u0142 + automatyczne wy\u0142\u0105czanie<\/li>\n<\/ul>\n<h3 style=\"color: #2c5aa0; font-size: 18px; margin: 30px 0 15px 0; font-weight: bold; clear: both; display: block; width: 100%; float: none; position: static;\">Silnik<\/h3>\n<ul style=\"margin: 15px 0; padding-left: 20px; clear: both; display: block; width: 100%; float: none; position: static;\">\n<li style=\"margin: 5px 0; padding: 2px 0; clear: both; display: list-item; float: none; position: static;\">Moc znamionowa i napi\u0119cie: 250W, 36V<\/li>\n<li style=\"margin: 5px 0; padding: 2px 0; clear: both; display: list-item; float: none; position: static;\">Maks.<\/li>\n<li style=\"margin: 5px 0; padding: 2px 0; clear: both; display: list-item; float: none; position: static;\">Maks. liczba obrot\u00f3w na minut\u0119: 260<\/li>\n<li style=\"margin: 5px 0; padding: 2px 0; clear: both; display: list-item; float: none; position: static;\">Maks. wyj\u015bciowy moment obrotowy: 50N.M<\/li>\n<\/ul>\n<h3 style=\"color: #2c5aa0; font-size: 18px; margin: 30px 0 15px 0; font-weight: bold; clear: both; display: block; width: 100%; float: none; position: static;\">Przerzutka<\/h3>\n<ul style=\"margin: 15px 0; padding-left: 20px; clear: both; display: block; width: 100%; float: none; position: static;\">\n<li style=\"margin: 5px 0; padding: 2px 0; clear: both; display: list-item; float: none; position: static;\">Marka: Shimano<\/li>\n<li style=\"margin: 5px 0; padding: 2px 0; clear: both; display: list-item; float: none; position: static;\">Liczba bieg\u00f3w: 7(ty\u0142)<\/li>\n<\/ul>\n<\/div>\n<\/div>\n<\/div>\n<div style=\"clear: both; display: block; margin: 10px 0;\">\n<div style=\"clear: both; display: block; margin: 10px 0;\">\n<div style=\"clear: both; display: block; margin: 10px 0;\">\n<p style=\"margin: 15px 0; line-height: 1.8; clear: both; display: block; width: 100%; float: none; position: static;\"><b>Zawieszenie<\/b>\uff1aMechaniczna amortyzacja z blokad\u0105<\/p>\n<p style=\"margin: 15px 0; line-height: 1.8; clear: both; display: block; width: 100%; float: none; position: static;\"><b>Wy\u015bwietlacz<\/b>\uff1a3,5&#8243; LCD<\/p>\n<h3 style=\"color: #2c5aa0; font-size: 18px; margin: 30px 0 15px 0; font-weight: bold; clear: both; display: block; width: 100%; float: none; position: static;\">Bateria<\/h3>\n<ul style=\"margin: 15px 0; padding-left: 20px; clear: both; display: block; width: 100%; float: none; position: static;\">\n<li style=\"margin: 5px 0; padding: 2px 0; clear: both; display: list-item; float: none; position: static;\">Pojemno\u015b\u0107: 12,5Ah<\/li>\n<li style=\"margin: 5px 0; padding: 2px 0; clear: both; display: list-item; float: none; position: static;\">Napi\u0119cie: 36V<\/li>\n<li style=\"margin: 5px 0; padding: 2px 0; clear: both; display: list-item; float: none; position: static;\">Czas \u0142adowania: 4-6 godz.<\/li>\n<li style=\"margin: 5px 0; padding: 2px 0; clear: both; display: list-item; float: none; position: static;\">Standardowy pob\u00f3r mocy: 450Wh<\/li>\n<li style=\"margin: 5px 0; padding: 2px 0; clear: both; display: list-item; float: none; position: static;\">System ochrony: Tak<\/li>\n<\/ul>\n<h3 style=\"color: #2c5aa0; font-size: 18px; margin: 30px 0 15px 0; font-weight: bold; clear: both; display: block; width: 100%; float: none; position: static;\">\u0141adowarka<\/h3>\n<ul style=\"margin: 15px 0; padding-left: 20px; clear: both; display: block; width: 100%; float: none; position: static;\">\n<li style=\"margin: 5px 0; padding: 2px 0; clear: both; display: list-item; float: none; position: static;\">Wej\u015bcie: 100-240V, 1,8A<\/li>\n<li style=\"margin: 5px 0; padding: 2px 0; clear: both; display: list-item; float: none; position: static;\">Wyj\u015bcie: 42V, 2A<\/li>\n<\/ul>\n<h3 style=\"color: #2c5aa0; font-size: 18px; margin: 30px 0 15px 0; font-weight: bold; clear: both; display: block; width: 100%; float: none; position: static;\">Opony<\/h3>\n<ul style=\"margin: 15px 0; padding-left: 20px; clear: both; display: block; width: 100%; float: none; position: static;\">\n<li style=\"margin: 5px 0; padding: 2px 0; clear: both; display: list-item; float: none; position: static;\">Marka: CST<\/li>\n<li style=\"margin: 5px 0; padding: 2px 0; clear: both; display: list-item; float: none; position: static;\">Rozmiar: 27,5&#8243; x 1,75&#8243;<\/li>\n<li style=\"margin: 5px 0; padding: 2px 0; clear: both; display: list-item; float: none; position: static;\">Typ: Opona pneumatyczna<\/li>\n<li style=\"margin: 5px 0; padding: 2px 0; clear: both; display: list-item; float: none; position: static;\">Ci\u015bnienie w oponie: 45-65PSI<\/li>\n<li style=\"margin: 5px 0; padding: 2px 0; clear: both; display: list-item; float: none; position: static;\">Najlepsze ci\u015bnienie w oponach: 50PSI (prz\u00f3d), 55PSI (ty\u0142)<\/li>\n<\/ul>\n<\/div>\n<\/div>\n<\/div>\n<div style=\"clear: both; display: block; margin: 10px 0;\">\n<div style=\"clear: both; display: block; margin: 10px 0;\">\n<div style=\"clear: both; display: block; margin: 10px 0;\">\n<h3 style=\"color: #2c5aa0; font-size: 18px; margin: 30px 0 15px 0; font-weight: bold; clear: both; display: block; width: 100%; float: none; position: static;\">Opakowanie<\/h3>\n<ul style=\"margin: 15px 0; padding-left: 20px; clear: both; display: block; width: 100%; float: none; position: static;\">\n<li style=\"margin: 5px 0; padding: 2px 0; clear: both; display: list-item; float: none; position: static;\">Rozmiar: 1480x250x830mm<\/li>\n<li style=\"margin: 5px 0; padding: 2px 0; clear: both; display: list-item; float: none; position: static;\">Waga brutto: 30,5 kg<\/li>\n<\/ul>\n<h3 style=\"color: #2c5aa0; font-size: 18px; margin: 30px 0 15px 0; font-weight: bold; clear: both; display: block; width: 100%; float: none; position: static;\">Co jest w pude\u0142ku<\/h3>\n<ul style=\"margin: 15px 0; padding-left: 20px; clear: both; display: block; width: 100%; float: none; position: static;\">\n<li style=\"margin: 5px 0; padding: 2px 0; clear: both; display: list-item; float: none; position: static;\">1 x E-Bike<\/li>\n<li style=\"margin: 5px 0; padding: 2px 0; clear: both; display: list-item; float: none; position: static;\">2 x peda\u0142y<\/li>\n<li style=\"margin: 5px 0; padding: 2px 0; clear: both; display: list-item; float: none; position: static;\">1 x \u0142adowarka<\/li>\n<li style=\"margin: 5px 0; padding: 2px 0; clear: both; display: list-item; float: none; position: static;\">1 x zestaw narz\u0119dzi<\/li>\n<li style=\"margin: 5px 0; padding: 2px 0; clear: both; display: list-item; float: none; position: static;\">2 x klucz<\/li>\n<li style=\"margin: 5px 0; padding: 2px 0; clear: both; display: list-item; float: none; position: static;\">1 x Zestaw przepustnicy<\/li>\n<li style=\"margin: 5px 0; padding: 2px 0; clear: both; display: list-item; float: none; position: static;\">1 x podr\u0119cznik u\u017cytkownika<\/li>\n<li style=\"margin: 5px 0; padding: 2px 0; clear: both; display: list-item; float: none; position: static;\">2 x odb\u0142y\u015bnik szprychowy<\/li>\n<li style=\"margin: 5px 0; padding: 2px 0; clear: both; display: list-item; float: none; position: static;\">1 x \u015bwiat\u0142o tylne<\/li>\n<li style=\"margin: 5px 0; padding: 2px 0; clear: both; display: list-item; float: none; position: static;\">1 x \u015bwiat\u0142o g\u0142\u00f3wne<\/li>\n<li style=\"margin: 5px 0; padding: 2px 0; clear: both; display: list-item; float: none; position: static;\">1 x wy\u015bwietlacz LCD<\/li>\n<\/ul>\n<\/div>\n<\/div>\n<\/div>\n<\/div>\n<\/div>\n<\/div>\n<div style=\"clear: both; display: block; margin: 10px 0;\">\n","protected":false},"excerpt":{"rendered":"<p>Mocny silnik i du\u017ca bateria<\/p>\n<p>Eleglide T1 Step-Thru posiada mocny silnik bezszczotkowy 250W z momentem obrotowym 50N.M, kt\u00f3ry zapewnia sta\u0142\u0105 i mocn\u0105 moc oraz umo\u017cliwia rozp\u0119dzenie roweru do 25km\/h. Dzi\u0119ki wymiennej baterii litowo-jonowej 450Wh, rower mo\u017ce przejecha\u0107 do 100 km w trybie wspomagania, co jest idealnym rozwi\u0105zaniem na d\u0142u\u017csze przeja\u017cd\u017cki.<\/p>\n<p>Opony CST 27,5&quot;<\/p>\n<p>Rower Eleglide T1 Step-Thru jest wyposa\u017cony w 27,5-calowe opony pneumatyczne CST, kt\u00f3re mo\u017cna dostosowa\u0107 do r\u00f3\u017cnych rodzaj\u00f3w nawierzchni. Dzi\u0119ki du\u017cym oponom rower mo\u017ce g\u0142adko i \u0142atwo pokonywa\u0107 nier\u00f3wno\u015bci.<\/p>\n","protected":false},"featured_media":14651,"template":"","meta":{"_uag_custom_page_level_css":""},"product_brand":[753],"product_cat":[741,688,762,687],"product_tag":[],"class_list":{"0":"post-14650","1":"product","2":"type-product","3":"status-publish","4":"has-post-thumbnail","6":"product_brand-eleglide","7":"product_cat-elektryczne","8":"product_cat-rowery","9":"product_cat-rowery-elektryczne-trekkingowe","10":"product_cat-rowery-i-akcesoria","12":"first","13":"instock","14":"sale","15":"shipping-taxable","16":"purchasable","17":"product-type-simple"},"uagb_featured_image_src":{"full":["https:\/\/torvaniq.shop\/ro64\/wp-content\/uploads\/2026\/02\/allegro-image-14650.jpg",1000,1000,false],"thumbnail":["https:\/\/torvaniq.shop\/ro64\/wp-content\/uploads\/2026\/02\/allegro-image-14650-150x150.jpg",150,150,true],"medium":["https:\/\/torvaniq.shop\/ro64\/wp-content\/uploads\/2026\/02\/allegro-image-14650-300x300.jpg",300,300,true],"medium_large":["https:\/\/torvaniq.shop\/ro64\/wp-content\/uploads\/2026\/02\/allegro-image-14650-768x768.jpg",768,768,true],"large":["https:\/\/torvaniq.shop\/ro64\/wp-content\/uploads\/2026\/02\/allegro-image-14650.jpg",1000,1000,false],"1536x1536":["https:\/\/torvaniq.shop\/ro64\/wp-content\/uploads\/2026\/02\/allegro-image-14650.jpg",1000,1000,false],"2048x2048":["https:\/\/torvaniq.shop\/ro64\/wp-content\/uploads\/2026\/02\/allegro-image-14650.jpg",1000,1000,false],"woocommerce_thumbnail":["https:\/\/torvaniq.shop\/ro64\/wp-content\/uploads\/2026\/02\/allegro-image-14650-300x300.jpg",300,300,true],"woocommerce_single":["https:\/\/torvaniq.shop\/ro64\/wp-content\/uploads\/2026\/02\/allegro-image-14650-600x600.jpg",600,600,true],"woocommerce_gallery_thumbnail":["https:\/\/torvaniq.shop\/ro64\/wp-content\/uploads\/2026\/02\/allegro-image-14650-100x100.jpg",100,100,true]},"uagb_author_info":{"display_name":"admin","author_link":"https:\/\/torvaniq.shop\/ro64\/author\/"},"uagb_comment_info":0,"uagb_excerpt":"Mocny silnik i du\u017ca bateria Eleglide T1 Step-Thru posiada mocny silnik bezszczotkowy 250W z momentem obrotowym 50N.M, kt\u00f3ry zapewnia sta\u0142\u0105 i mocn\u0105 moc oraz umo\u017cliwia rozp\u0119dzenie roweru do 25km\/h. Dzi\u0119ki wymiennej baterii litowo-jonowej 450Wh, rower mo\u017ce przejecha\u0107 do 100 km w trybie wspomagania, co jest idealnym rozwi\u0105zaniem na d\u0142u\u017csze przeja\u017cd\u017cki. Opony CST 27,5&quot; Rower Eleglide&hellip;","_links":{"self":[{"href":"https:\/\/torvaniq.shop\/ro64\/wp-json\/wp\/v2\/product\/14650","targetHints":{"allow":["GET"]}}],"collection":[{"href":"https:\/\/torvaniq.shop\/ro64\/wp-json\/wp\/v2\/product"}],"about":[{"href":"https:\/\/torvaniq.shop\/ro64\/wp-json\/wp\/v2\/types\/product"}],"wp:featuredmedia":[{"embeddable":true,"href":"https:\/\/torvaniq.shop\/ro64\/wp-json\/wp\/v2\/media\/14651"}],"wp:attachment":[{"href":"https:\/\/torvaniq.shop\/ro64\/wp-json\/wp\/v2\/media?parent=14650"}],"wp:term":[{"taxonomy":"product_brand","embeddable":true,"href":"https:\/\/torvaniq.shop\/ro64\/wp-json\/wp\/v2\/product_brand?post=14650"},{"taxonomy":"product_cat","embeddable":true,"href":"https:\/\/torvaniq.shop\/ro64\/wp-json\/wp\/v2\/product_cat?post=14650"},{"taxonomy":"product_tag","embeddable":true,"href":"https:\/\/torvaniq.shop\/ro64\/wp-json\/wp\/v2\/product_tag?post=14650"}],"curies":[{"name":"wp","href":"https:\/\/api.w.org\/{rel}","templated":true}]}}